).
-3
Let s be (6/12)/(2/68). Let u(w) = -18*w**2 - 10*w + s*w**2 - 9 + 2*w. What is u(-6)?
3
Let q(r) = -5*r**2 + r + 1. Let z = 5 + -4. Let k(o) = -2*o**2 + o**2 - 2*o**2 - z + 2*o**2. Let j be k(0). What is q(j)?
-5
Suppose 4*r + 3*z = 6, 3*r - 7*z - 15 = -4*z. Let d(y) = y - 7. What is d(r)?
-4
Let j = -5 - -10. Let l = -10 + 15. Suppose d - l*z = -j, 4 = d + z + 3. Let h(x) = x**2 - x - 1. Give h(d).
-1
Let s = -6 - -10. Suppose -5*w + 4*z = 48 - 7, -z = s*w + 16. Let q(x) = -x - 6. Calculate q(w).
-1
Let d be (-68)/(-7) + (-2)/(-7). Suppose 0 = i - 3*i + d. Let p(b) = -b - b**2 + 5*b + i + 2. Calculate p(5).
2
Let a(r) be the third derivative of 0*r - 4*r**2 + 1/12*r**4 + 0 - 5/6*r**3. Let v(c) = -c**3 + 5*c**2 - 4*c - 1. Let j be v(3). What is a(j)?
5
Suppose 0 = y + 2*y + 9. Let l(w) = w**2 + 9*w - 7. Let x be l(-10). Let i(z) = -19*z + 17*z - z**2 - x*z**2 - z**3. Calculate i(y).
-3
Suppose -9*f + 7*f - 4 = 0. Let u(d) = -2*d**3 - 2*d**2 + 2*d + 3. Determine u(f).
7
Let c(j) = -j + 5. Let z = 47 + -32. Suppose z - 35 = -4*h. Calculate c(h).
0
Let d be (0 - -3)*(-2 - -4). Let q(i) = -2*i + 2. Determine q(d).
-10
Let a(y) = -y**3 + 4*y + 3. Let c be a(-2). Let h(l) = -2*l**2 + 5*l - 7. Let u(n) = 3*n**2 - 10*n + 13. Let z(o) = c*u(o) + 5*h(o). Give z(-6).
-2
Let d(v) = -v - 2. Suppose 4*m = m - 4*h - 5, 0 = -5*m + 2*h + 35. Suppose m*p + 1 = 4*p. Let n(r) = 3*r**3 - r**2 + r + 1. Let b be n(p). Determine d(b).
2
Let v(g) = g + 6. Let d(b) = 5*b + 1. Let i be d(-1). Let c be ((-1)/2)/(i/40). What is v(c)?
11
Let i(z) = 71 - 21 - 24 - z - 17. Calculate i(10).
-1
Let k(n) = n + 1. Let y(i) = 3*i**2 - 2*i - 2. Let w be y(2). What is k(w)?
7
Let h(k) = k**2 + k. Let n(y) = 2*y + 27. Let b(q) = -q - 18. Let d(j) = 7*b(j) + 5*n(j). Let u be d(-4). Give h(u).
6
Let k be ((-3)/(-9))/(1/3). Let v(z) = 13*z + 1. What is v(k)?
14
Let g be (7 + -7)/(1*2). Let u(b) = g - 2*b + 3*b - 3. Let a be u(6). Let p(j) = -j + 1. Calculate p(a).
-2
Let z(m) = -m**3 - 10*m**2 - m - 12. Let h be z(-10). Let s be 24/14 + 8/28. Let o(q) = 2*q**3 + 3*q**s + 0*q**2 - q**3. Calculate o(h).
4
Let t = -16 + 17. Let n(l) = l + 0*l - 4*l + 1 + t. Calculate n(-2).
8
Let d(a) = -a + 1. Let m be 50/(-8) - (-2)/8. Let q = -2 - m. Suppose -q*t = -x - 20, 8 = t - x - 0. Calculate d(t).
-3
Suppose 3*s + 3*b = 6*b + 6, -10 = -5*s - b. Let y(g) be the first derivative of 3 + 3/2*g**s + 4*g. Determine y(-4).
-8
Let a(w) be the first derivative of -w**3/3 - w**2 + 3*w - 12. Let o be (1 - (-3)/2)*-2. What is a(o)?
-12
Let h(y) = -2*y**3 - y**2 + 13*y + 9. Let q(i) = -i**3 + 6*i + 4. Let s(j) = 2*h(j) - 5*q(j). Let r be 16/(-10) - 2/5. Give s(r).
-10
Let t be (-4)/(-1)*1/2. Let u(o) = -4*o + 1 + 3*o**2 - 5*o**t - 2. Let p(a) = a**3 + 10*a**2 - 16*a - 58. Let w be p(-11). What is u(w)?
-7
Let k(l) be the second derivative of l**3/3 + 4*l**2 + 21*l. Calculate k(-8).
-8
Let h(g) = -2*g - 4. Let q(j) = -j - 2. Let v(i) = i**3 - 8*i**2 + 7*i + 5. Let o be v(7). Let z(c) = o*q(c) - 3*h(c). Let y be 6/(-3) + 1*-2. What is z(y)?
-2
Let v = 7 + -9. Let l be (9/(-6))/((-1)/v). Let y(s) = s - 1. What is y(l)?
-4
Suppose 3*a = -a. Let f(l) = a*l - l + 0*l + 2*l. Suppose -3*z - 7 = i + 4, -z + 7 = 3*i. Give f(z).
-5
Let w = -3 - -1. Let j(l) be the second derivative of 1/10*l**5 - 1/6*l**3 + 0 + 2*l + 0*l**2 + 1/6*l**4. Give j(w).
-6
Let d(z) = -z**3 - 6*z**2 - 2*z - 9. Let x be d(-6). Let v(i) = -2*i + 0*i + 4*i - x*i + 2. Let b(y) = -y**2 - 7*y - 5. Let t be b(-5). Give v(t).
-3
Let i be (-19)/(-4) + 2/8. Let l(a) be the first derivative of -2*a**2 - 4 - 2*a + 1/3*a**3. Calculate l(i).
3
Let w(m) = -6*m**2 - 2 - 6*m + m**3 + 3 - 9. Give w(7).
-1
Let p(s) = -s**2 + s. Let d(q) = -4*q**2 + 3*q. Let l(o) = d(o) - 5*p(o). Suppose 34*v = 33*v + 1. Determine l(v).
-1
Let r(d) be the first derivative of -d**5/20 - d**4/12 + d**3/2 - d**2/2 + 4*d - 4. Let b(t) be the first derivative of r(t). Calculate b(-3).
8
Suppose 2*d = 5*d - 18. Let q(h) be the third derivative of h**5/60 - h**4/3 + 4*h**3/3 - 2*h**2. What is q(d)?
-4
Let n(g) = -g**3 - 3*g**2 + 4. Let p(b) = 5 - 3*b**2 - 2*b**2 - 4*b**3 + 2*b**3 + 2*b**2. Let o(q) = -4*n(q) + 3*p(q). Calculate o(2).
-5
Let a = -99 + 91. Let o(s) = -s - 4. Calculate o(a).
4
Let h(k) = 2*k + 11. Let a(o) = 1. Let w(y) = 6*a(y) - h(y). Let n(g) be the second derivative of 2*g**3/3 + 2*g. Let d be n(-1). What is w(d)?
3
Let d(l) = l**2 - 3 + 0*l + 2*l - l. Let w(r) = r - 8. Let k be w(7). Let s(n) = -n + 1. Let y(f) = k*d(f) + 2*s(f). Calculate y(-5).
-5
Suppose -4*n - p + 5*p = 28, -3*n - p = 5. Let r(g) = 0 + 2*g**3 - g**3 - 1 + 3*g**2 + g. Determine r(n).
-4
Let w(q) = 2*q**2 + 1. Suppose -f + 14 = -0. Suppose 5*z - 6 = -0*v - v, -2*v = -3*z + f. Suppose z*o - 2*p = -8, 3*o + 18 = 4*p + 1. What is w(o)?
3
Let h be ((-84)/18)/((-4)/6). Let b = -5 + h. Let p(z) be the second derivative of z**5/20 - z**3/3 + z**2 - z. What is p(b)?
6
Let q(g) = -2*g**2 + g. Suppose -63 = 2*c + c. Let v = -22 - c. Give q(v).
-3
Let w = -73/2 + 37. Let k(m) be the second derivative of 0*m**3 + 1/12*m**4 + 0 + w*m**2 - 2*m. Calculate k(-2).
5
Let x(o) be the third derivative of -o**6/120 + o**5/60 - o**4/24 + o**3/2 + 11*o**2. What is x(0)?
3
Let g(r) = 10*r. Let c be g(1). Suppose 0 = -q + 2*a - 4, 4*q + c = 5*a + 3. Let u(s) = -s**3 + 3*s**2 - 3*s. Determine u(q).
-2
Let r(k) = 3*k + 1. Let t = 13 + -4. Let l be (-6)/t - 11/(-3). What is r(l)?
10
Let u = -34 - -64. Suppose -w = 4*w + u. Let r(b) = -b - 6. Calculate r(w).
0
Let q(m) = m**2 - 8*m - 6. Let v be q(9). Let a(i) = -i**3 + 5*i**2 - 4*i - 1. Calculate a(v).
5
Let u(d) = -d + 8. Let f = 4 - -6. What is u(f)?
-2
Let s(t) = -25*t**2 + 2*t + 22*t**2 + 3 - 1 + 2*t**3. Give s(2).
10
Let h(w) = -6*w + 2*w - w. Let q be h(1). Let k(p) be the third derivative of p**4/24 + 2*p**3/3 + p**2. What is k(q)?
-1
Suppose -2*o = -3*y + 3, 2*o - 15 = -3*o. Let r(m) = 2*m - 2*m**2 + m**2 - 3*m. Determine r(y).
-12
Let c be 3*-1 + -2 + 9. Let w(j) = j**3 - j**2 - 3*j + 6. Let x(b) = 30 + 5*b**3 + 4*b + 3*b**2 - 18*b - 7*b**2. Let k(h) = 11*w(h) - 2*x(h). Calculate k(c).
2
Let d(p) = 9*p - 8*p - 2*p. What is d(-7)?
7
Suppose a = 7 - 4. Let t(x) = -4*x**2 + 3*x + 3. Let v = -7 + 3. Let z(b) = 3*b**2 - 2*b - 2. Let w(l) = v*t(l) - 5*z(l). Determine w(a).
1
Let z(a) = a**2 + 25*a - 9. Let j(s) = 6*s - 2. Let u(m) = -9*j(m) + 2*z(m). Suppose 0 = 2*t + 3 - 9. Determine u(t).
6
Let j(c) = c**2 + 9*c - 1. Let q be (-6)/15 - (-7)/5. Let p(n) = n**2 + n + 1. Let x(s) = q*j(s) - 2*p(s). Determine x(5).
7
Let p(a) = 2*a**2 - 3*a**2 + 2*a**2 + 10 - a. Let n = 14 + -1. Let l = 13 - n. Give p(l).
10
Suppose -7 = -4*c - 27. Suppose 5*q + 4*v = -54, 2*v = -3*q + 5*q + 18. Let k be (-4)/q + 17/c. Let y(u) = -2*u - 4. What is y(k)?
2
Let z(i) = i**3 + 5*i**2 + 5*i + 6. Let p = 9 + -13. Let j = p + 6. Let f be (0 + -2*1)*j. Calculate z(f).
2
Let g(i) = 15*i + 5. Let k(p) = -3*p - 1. Let s = 9 + 2. Let q(n) = s*k(n) + 2*g(n). What is q(-2)?
5
Let c(k) be the second derivative of -k**4/4 + k**3/6 + k**2/2 + 14*k. Determine c(2).
-9
Suppose -w = 4*j - 1, -w = 5 - 2. Let z be (1 - -2 - 2)*j. Let p = z + -2. Let g(t) = 3*t. Calculate g(p).
-3
Let v(d) = -d**2 - d - 1. Suppose 2*i = c - 1, -5*c + 2*c + 1 = -4*i. Let h(t) = t**3 - 2*t**2 + 8*t + 7. Let r(p) = i*h(p) - 4*v(p). What is r(5)?
2
Let l be 0*(-5)/(-25) - (1 + 0). Let i(q) = q**2. Determine i(l).
1
Let m(v) = -v + 11. Let x be m(9). Suppose -t + x*t = 3. Let j(a) = -2*a + 7. Let q(h) = -3*h + 10. Let z(i) = 7*j(i) - 5*q(i). Calculate z(t).
2
Suppose 8 = 4*k - 0. Let j(a) = -1 - 2*a**2 - k*a + 1 + 3 + 0. Give j(-3).
-9
Suppose -2 = -4*j + 2. Let f(b) be the third derivative of -b**5/60 + b**4/24 + 3*b**2. What is f(j)?
0
Let w(u) = -2*u + 4 + u**2 - 4*u - 2. Let r(o) = o - 2. Let s be r(2). Suppose -2*m + 9 = z, 3*z + 13 = 4*m - s*z. Calculate w(m).
-6
Let x(q) = -3*q**3 - 1 - q**3 + 8*q**3 - q**3. Determine x(-1).
-4
Let g(m) = 3*m**2 + m + 1. Let r(b) = -8*b**2 - 2*b - 3. Let k(l) = -5*g(l) - 2*r(l). Determine k(-3).
13
Suppose 5*f + t = 105, -3*t + 110 = 5*f - t. Suppose -5*o = 5*g - f, -5*g + 3 = 2*o - 14. Let i(w) = 2*w**2 - w. Let n be i(o). Let k(d) = -2*d - 1. Give k(n).
-3
Let w(f) = -f**3 + 6*f**2 -